se 7) to base 8
-16012
Convert 733 (base 8) to base 16.
1db
What is 102123 (base 4) in base 7?
3303
Convert 40 (base 15) to base 14.
44
-1000112 (base 3) to base 15
-348
Convert 1001111101 (base 2) to base 7.
1600
What is 211100 (base 3) in base 14?
311
What is 62b3 (base 15) in base 14?
7868
Convert 1dd (base 16) to base 8.
735
Convert 530 (base 6) to base 12.
146
What is -110112101 (base 3) in base 11?
-6956
What is -a7a9 (base 11) in base 8?
-33704
-306 (base 11) to base 2
-101110001
Convert 66a7 (base 12) to base 16.
2c5f
-210 (base 12) to base 16
-12c
Convert -89 (base 12) to base 8.
-151
Convert 121001200 (base 3) to base 10.
11709
What is 1047 (base 8) in base 15?
26b
Convert 65277 (base 8) to base 16.
6abf
36366 (base 9) to base 14
8c40
Convert 31312 (base 6) to base 13.
1bc8
Convert -142b2 (base 12) to base 15.
-84b5
2110 (base 5) to base 6
1144
What is 36711 (base 10) in base 4?
20331213
What is -3130 (base 5) in base 6?
-1531
-103021 (base 4) to base 11
-a14
Convert -1029 (base 12) to base 6.
-12053
Convert 1001121 (base 3) to base 12.
544
-18a (base 14) to base 15
-163
What is -805 (base 9) in base 14?
-349
Convert -5467 (base 9) to base 16.
-fbe
-650 (base 15) to base 13
-858
What is -222021100 (base 3) in base 15?
-5a1c
Convert 18a54 (base 11) to base 4.
12132332
Convert 131c (base 14) to base 12.
1b3a
Convert -2041 (base 9) to base 14.
-78b
-10412 (base 9) to base 14
-2728
Convert 298 (base 10) to base 7.
604
Convert 2119 (base 14) to base 9.
7741
Convert 20476 (base 8) to base 9.
12605
-2046 (base 7) to base 14
-396
Convert 5020 (base 9) to base 5.
104123
What is -33143 (base 5) in base 11?
-17aa
Convert -20020012 (base 4) to base 11.
-23010
-21a (base 13) to base 16
-169
Convert -98aa (base 15) to base 2.
-111111001001111
What is 254a5 (base 11) in base 5?
2132121
What is a291 (base 12) in base 4?
10110031
-11000100000011 (base 2) to base 16
-3103
1130 (base 10) to base 7
3203
What is -5862 (base 14) in base 12?
-8a92
What is -254 (base 15) in base 5?
-4104
-23605 (base 8) to base 12
-5a31
2a800 (base 11) to base 10
43560
What is 1e37 (base 16) in base 8?
17067
311113 (base 4) to base 3
11200111
What is -2131 (base 8) in base 14?
-597
What is -400014 (base 5) in base 8?
-30335
Convert -212a (base 15) to base 10.
-7015
308b (base 12) to base 5
132131
What is -39139 (base 10) in base 2?
-1001100011100011
89 (base 14) to base 11
100
What is 4dc (base 15) in base 13?
672
Convert 750 (base 8) to base 2.
111101000
1004224 (base 5) to base 4
3330331
-112 (base 9) to base 6
-232
What is -33a3 (base 12) in base 5?
-140424
Convert -570 (base 8) to base 13.
-22c
What is 304 (base 8) in base 3?
21021
770 (base 9) to base 14
330
What is -101010111001111 (base 2) in base 6?
-245411
Convert 1431 (base 5) to base 14.
133
Convert -731 (base 8) to base 7.
-1244
-41a (base 12) to base 5
-4343
Convert -1a5 (base 13) to base 4.
-10300
What is 1e6 (base 15) in base 5?
3231
What is -11114 (base 5) in base 7?
-2200
Convert -10100010100010 (base 2) to base 11.
-78a7
What is -26 (base 12) in base 8?
-36
2232230 (base 4) to base 3
120100002
Convert -1cb (base 15) to base 7.
-1133
What is -2343443 (base 5) in base 7?
-241116
What is -120132 (base 5) in base 11?
-3356
Convert 3126 (base 7) to base 13.
666
What is -12307 (base 8) in base 9?
-7260
Convert -191b (base 12) to base 8.
-5747
Convert 1ca (base 13) to base 16.
14f
-161 (base 8) to base 12
-95
1112 (base 7) to base 16
191
-a1b (base 16) to base 2
-101000011011
-3517 (base 10) to base 13
-17a7
Convert -21021200 (base 3) to base 7.
-21324
Convert 35025 (base 7) to base 9.
13230
Convert 742 (base 10) to base 2.
1011100110
What is -572 (base 10) in base 15?
-282
What is -25426 (base 7) in base 16?
-1a4d
Convert 14748 (base 9) to base 15.
2ec8
Convert -2440 (base 5) to base 2.
-101110010
Convert -19c5 (base 16) to base 12.
-3999
Convert 3a4 (base 13) to base 3.
212202
-100100101110111 (base 2) to base 13
-8739
Convert 6140 (base 11) to base 3.
102011220
Convert 268 (base 11) to base 2.
100111100
10111011 (base 2) to base 10
187
What is 103a5 (base 12) in base 6?
242325
Convert -3a730 (base 11) to base 3.
-2221201100
255051 (base 6) to base 12
11487
What is -134 (base 16) in base 15?
-158
Convert -30324 (base 6) to base 15.
-12c7
What is -484 (base 13) in base 16?
-310
-3004 (base 6) to base 15
-2d7
Convert -6457 (base 9) to base 11.
-3629
Convert -2260 (base 7) to base 6.
-3454
-333 (base 7) to base 14
-c3
What is -10100200 (base 3) in base 12?
-1500
Convert 1c3 (base 16) to base 15.
201
Convert 10001001011101 (base 2) to base 14.
32c5
What is 4466 (base 8) in base 5?
33413
-120222212 (base 3) to base 11
-8840
What is 56167 (base 8) in base 9?
35421
What is 10ee (base 15) in base 13?
183b
What is -1121 (base 4) in base 16?
-59
1c8 (base 16) to base 12
320
Convert 111 (base 15) to base 10.
241
Convert 3405 (base 7) to base 14.
63c
What is -201304 (base 5) in base 13?
-2c26
What is -340b (base 12) in base 11?
-4377
1732 (base 12) to base 5
42044
What is -42e (base 16) in base 6?
-4542
What is b (base 16) in base 4?
23
Convert 4131 (base 8) to base 13.
c85
What is 244311 (base 5) in base 9?
13717
Convert 126161 (base 7) to base 5.
1230014
What is -12001 (base 7) in base 3?
-11020101
What is -1309 (base 11) in base 5?
-23303
Convert 1ee (base 15) to base 11.
379
Convert 12031 (base 4) to base 2.
110001101
Convert -22221 (base 6) to base 3.
-11021011
What is 33 (base 12) in base 9?
43
Convert -65290 (base 10) to base 7.
-361231
Convert -110010010010 (base 2) to base 12.
-1a42
Convert -1001011010011 (base 2) to base 12.
-2957
What is 19320 (base 12) in base 4?
20332020
-11110110101 (base 2) to base 3
-2201002
1940 (base 15) to base 6
41140
2401 (base 5) to base 6
1343
Convert 2202 (base 6) to base 5.
4011
What is 5ad (base 15) in base 6?
5544
What is -17367 (base 10) in base 13?
-7b9c
Convert 20350 (base 7) to base 2.
1001101111000
What is -227 (base 12) in base 16?
-13f
-423 (base 11) to base 12
-365
Convert -2422 (base 5) to base 2.
-101101010
Convert -4c61 (base 14) to base 15.
-3e93
Convert 3b72 (base 13) to base 16.
215f
Convert 17986 (base 12) to base 16.
85b6
Convert -42422 (base 8) to base 10.
-17682
5b1 (base 15) to base 10
1291
What is -14b5 (base 12) in base 6?
-15145
Convert 10002110001 (base 3) to base 7.
342232
-2012200 (base 4) to base 3
-102210211
Convert -3760 (base 9) to base 11.
-2123
What is -104432 (base 5) in base 10?
-3742
What is -5c3 (base 14) in base 8?
-2177
-19e7 (base 15) to base 11
-4247
What is -e6ba (base 16) in base 4?
-32122322
Convert -30270 (base 8) to base 9.
-18087
What is -14035 (base 11) in base 16?
-4e23
Convert 106815 (base 9) to base 4.
33221111
What is -11101011000110 (base 2) in base 4?
-3223012
Convert 2a (base 15) to base 11.
37
-406 (base 13) to base 2
-1010101010
Convert -706e (base 15) to base 5.
-1224404
Convert 561 (base 11) to base 3.
220220
297 (base 13) to base 3
122010
What is -5304 (base 8) in base 12?
-1718
-be (base 15) to base 4
-2303
What is -110202101 (base 3) in base 10?
-9298
What is 5aae (base 15) in base 3?
222110102
What is 9a56 (base 11) in base 6?
141202
What is -b72 (base 12) in base 10?
-1670
What is -12121 (base 5) in base 2?
-1110001111
-43 (base 12) to base 8
-63
What is 277 (base 11) in base 15?
16b
Convert 43a1 (base 11) to base 10.
5798
What is 4f35 (base 16) in base 3?
1000211000
Convert -d32 (base 15) to base 2.
-101110011100
What is -12076 (base 9) in base 6?
-101240
What is 7065 (base 13) in base 16?
3c66
What is -905 (base 11) in base 13?
-662
What is 33000 (base 5) in base 4?
203022
32222 (base 4) to base 11
783
Convert 25276 (base 10) to base 6.
313004
Convert 13402 (base 7) to base 4.
320230
What is -2202 (base 5) in base 12?
-212
What is 45055 (base 6) in base 12?
378b
Convert -100414 (base 5) to base 9.
-4383
Convert -11002120201 (base 3) to base 15.
-18d44
What is 732c (base 15) in base 4?
11330112
-1136 (base 8) to base 14
-314
-212130 (base 4) to base 16
-99c
Convert 508e (base 15) to base 11.
11863
17057 (base 10) to base 11
118a7
Convert -2a7 (base 11) to base 13.
-218
1294 (base 10) to base 11
a77
-3233 (base 4) to base 14
-131
What is -20011111 (base 3) in base 16?
-118f
43879 (base 10) to base 9
66164
1125411 